 Suppose 0 = -3*h - f*i + 24, i - 21 = -5*h + 11. What is the units digit of h?
6
Suppose -45 - 43 = -4*n. Suppose 4*b = 3*y - 59, -5*y - 3*b = -28 - n. What is the units digit of y?
3
Suppose -118*b + 115*b + 630 = 0. What is the tens digit of b?
1
Suppose -s - a - 486 = 101, 3*s = -a - 1769. What is the units digit of (-3)/(-18) - s/18?
3
Suppose -3*d - 5*b = -30, 5*b - 4 = -5*d + 46. Suppose u = p - 3, 0*u - 3*u - d = -4*p. What is the units digit of p?
1
Let v = -2 - 4. What is the units digit of (-48)/v + (0 - -1)?
9
Let t(p) = p**3 - 6*p**2 + p - 4. Let v be t(6). Suppose 19 = v*x + 1. Suppose 0 = -4*r + 3*a + 24, 0 = -4*r + 5*r + 3*a + x. What is the units digit of r?
3
Let r = 52 - 16. What is the units digit of r?
6
Suppose 4*y + 137 = 441. What is the units digit of y?
6
Let x = 27 + -15. Let d(c) = -c - 2. Let j be d(-5). Let b = x - j. What is the units digit of b?
9
Suppose -6*y = 3*y - 792. What is the units digit of y?
8
Suppose -4*b + 58 + 10 = 0. Let i = b - 10. Let h(f) = -f + 17. What is the units digit of h(i)?
0
Let h = -66 - -68. What is the units digit of h?
2
Suppose 0 = 2*y, -3*r - 3 + 0 = -5*y. Let a = r - 15. Let i = a - -22. What is the units digit of i?
6
Let m(x) = 3*x**2 - 2*x - 5. Let s be m(5). Let i = -4 + s. What is the tens digit of i?
5
What is the tens digit of (33 + 2 + -2)/(0 - -1)?
3
Suppose -4*h = -4*q, -3*h - 2*h = 0. Suppose q*l = l - 2. What is the units digit of 76/12 + l/3?
7
Let a(d) be the third derivative of 7*d**4/24 - 2*d**3/3 - 8*d**2. What is the tens digit of a(3)?
1
Suppose -4*f = -4*v - 13 - 19, 5*v + 36 = 3*f. Suppose -2*l + 314 = 5*h, 4*h = 2*h - 5*l + 113. What is the tens digit of 2/(-3) - h/v?
1
Let y = 82 + -59. What is the tens digit of y?
2
Suppose -6*j + 24 = -2*j. What is the units digit of j?
6
Suppose -4*s + 2*z = -184, -5*s - z + 230 = z. Let t be s/10 - 2/(-5). Suppose -y - t*u = y - 58, u = 4. What is the units digit of y?
9
Suppose 4*c - c = -3. Let k = c + -2. Let u(f) = f**3 + 5*f**2 + 3*f - 3. What is the units digit of u(k)?
6
Let c = -1 + 4. Suppose 2*m - 3*f = 1 + 3, -4*f + 6 = c*m. What is the units digit of m?
2
What is the units digit of ((-4)/(-2))/(2/7)?
7
Suppose 4*b = l + 3*l - 20, 4*b = 3*l - 18. What is the units digit of 1/(b - 26/(-8))?
4
Suppose 2*y - 26 = 80. What is the units digit of y?
3
Let q = -21 - 19. What is the units digit of 1/1 - q/2?
1
Let p(r) = -6*r - 11. What is the tens digit of p(-7)?
3
Let t(w) = -w**2 + 8*w + 9. Let d be t(9). Suppose d = 3*a + 2 + 4. What is the units digit of a/(-2) + (-6)/(-2)?
4
Suppose -5*b + 9*b = 72. What is the tens digit of b?
1
Let y = -57 + 92. What is the tens digit of y?
3
Let m(a) = 8*a - 5. What is the units digit of m(5)?
5
Suppose -5*j + 9*j = 688. What is the units digit of j?
2
Let g = -26 - -93. What is the tens digit of g?
6
Let l(v) = -v**3 - 15*v**2 + 5*v - 44. What is the hundreds digit of l(-16)?
1
Let k = 15 - 9. Let l be 2/k*(4 + -1). What is the units digit of ((-15)/10)/(l/(-2))?
3
Let a(b) = 8*b**2 - 2*b - 1. Let q = 13 - 8. Suppose g - q + 0 = 2*n, 5*n = 3*g - 12. What is the units digit of a(g)?
9
Suppose -5*s - 6 = -21. Let b be s/(2*3/16). Suppose 0 = m - 3*a - 22, a = -m - 2*a - b. What is the units digit of m?
7
Let i = 9 + -7. Suppose 5*q + 4 = 4*z + i, -z = -2*q + 1. What is the units digit of q?
2
Suppose -2*x + 40 = 5*g - 7, 0 = -4*g - x + 37. Let s = g - 5. What is the units digit of s?
4
Let k(y) = 5*y**2. What is the units digit of k(-1)?
5
Let m = 12 + 2. What is the tens digit of m?
1
Let d(s) = s**3 - 9. Suppose g + 3*g = 0. Let z be d(g). Let t(v) = v**2 + 10*v + 12. What is the units digit of t(z)?
3
Let b(t) = -t**3 - 5*t**2 - 3. Let o be b(-5). Let k be -2 - (-5 - -1) - -9. Let x = k + o. What is the units digit of x?
8
Let u be 2/2 + 8/2. Suppose -u*q = -q. Suppose 3*t - 2 - 10 = q. What is the units digit of t?
4
Suppose 126 + 9 = p. Suppose 4*g = -3 + p. What is the tens digit of g?
3
Let k(u) = -u**3 - 13*u**2 - 10*u + 19. What is the hundreds digit of k(-13)?
1
Let c = 69 + 36. Suppose 0 = -0*q - 3*q + c. What is the tens digit of q?
3
Let l(h) = 10*h - 4. What is the units digit of l(9)?
6
Let z(n) = 5*n + 9. What is the tens digit of z(8)?
4
Suppose -3*u + 40 = 5*c, -3*c = 2*u - 14 - 12. What is the units digit of u?
0
What is the tens digit of ((-170)/17)/((-2)/16)?
8
Suppose -l = -170 - 47. What is the tens digit of l?
1
Suppose -2*g = -q - 10, q = 2*q. Suppose -w = 6 - 6. Suppose w*k = -g*k + 50. What is the tens digit of k?
1
Let l = 603 - 339. What is the tens digit of l?
6
Let w(m) = -m**2 + 4*m + 1. Let o = 11 - 7. What is the units digit of w(o)?
1
Suppose -5*l = -3*x - 341, 0 = 2*l - 5*l + 3*x + 201. Suppose -3*o = -l + 25. What is the units digit of o?
5
Let t(b) = 7*b - 1. Let j be t(1). Let p be 1/(-3) - (-128)/j. Suppose p = -0*i + 3*i. What is the units digit of i?
7
Let c(f) = -3*f**2 + 4*f**2 + 13 - 3*f - 8*f. What is the units digit of c(10)?
3
Suppose -4*l = 2*m - 0*l - 92, -5*m - 2*l + 262 = 0. What is the tens digit of m?
5
Suppose 4*n + 11 = 27. Suppose i - 4 = -3. Suppose i + n = j. What is the units digit of j?
5
Let j = -144 - -56. What is the tens digit of (-12)/(-54) + j/(-9)?
1
Let d(i) be the first derivative of i**4/4 + i**3/3 - i**2 + 4. What is the units digit of d(2)?
8
Let m be ((-14)/(-4))/(3/6). Let w(i) = 2 - m*i - i**2 + 3 + 1. What is the units digit of w(-7)?
6
Let l be 2/(-8) + (-786)/(-8). Suppose 0*c - 5*w = -4*c + 113, -4*c + 2*w = -l. What is the units digit of c?
2
Suppose -32 = l - 5*h - 7, 2*h - 10 = 3*l. Suppose l = x - 9 - 0. Suppose 0*m + m = x. What is the units digit of m?
9
Let i(n) = -9*n + 1. Let g be i(-4). Suppose 5*p = -0*b - b + g, -2*b = 3*p - 25. Suppose 4*o + p*m = 3*m + 36, -5*o + 42 = 4*m. What is the units digit of o?
6
Let n = -55 + 67. What is the units digit of n?
2
Suppose 3*n - 65 = -2*j, 0*j = -2*j - n + 63. What is the units digit of j?
1
Let i = -22 - -39. What is the tens digit of i?
1
Let i = 119 + -84. What is the units digit of i?
5
Let f(w) = w**2 + 3*w - 1. What is the units digit of f(-10)?
9
Suppose 20 + 79 = 3*a. What is the tens digit of a?
3
Suppose 2*s - 3*r + 6*r - 148 = 0, 2*s - 144 = -5*r. What is the tens digit of s?
7
Suppose 132 + 388 = 4*j. What is the hundreds digit of j?
1
Suppose 0 = -o - 2 + 18. What is the tens digit of o?
1
Let m be 457/(-7) + 14/49. Let w = m + 91. What is the units digit of w?
6
Suppose 5*p - 357 = -7. What is the units digit of p?
0
Suppose -l + 8 = 2. What is the units digit of (l/(-12))/(2/(-84))?
1
Let p = -1 - -2. What is the units digit of (-13 + p)/((-6)/8)?
6
Suppose 0 = -5*t + 1573 + 252. What is the tens digit of t?
6
Let f = 34 + -18. Let u = 7 + -5. Suppose -7*z + f = -3*z + u*w, 4 = z + 4*w. What is the units digit of z?
4
Let q(d) = -6 - 3*d + 0*d + 2 - 6. What is the tens digit of q(-7)?
1
Let a = -2 - 12. Let z = 40 + -15. Let g = z + a. What is the tens digit of g?
1
Suppose -5*l + 93 = 7*h - 3*h, -3*h + 72 = 3*l. Suppose 0 = -2*k - h + 89. What is the tens digit of k?
3
Let h(u) = -1. Let a(i) = 2*i - 7. Let v(d) = -a(d) + 2*h(d). Let k(y) = -y + 3. Let f(j) = 8*k(j) - 5*v(j). What is the units digit of f(4)?
7
Suppose -3*m + 4*m = 0. What is the units digit of (m - -1)*(-1 - -8)?
7
Suppose -4*v + 216 = v - 4*o, 2*o - 46 = -v. What is the tens digit of v?
4
Let u(a) = a**2 + 7*a + 4. Let b be u(-5). Let q be b/(-21) + 94/14. Suppose -4*m + 17 + q = y, 44 = 3*y + 5*m. What is the units digit of y?
8
Let y(z) = 3*z**3 + z**2. Suppose 2*a = a + 1. Let p be y(a). Suppose -12 = p*g - 44. What is the units digit of g?
8
Let p = -1 + 4. Let t(j) = 13*j**2 - 4*j - 4. Let r(i) = -7*i**2 + 2*i + 2. Let k(m) = 11*r(m) + 6*t(m). What is the units digit of k(p)?
1
Suppose 0 = -i - 30 + 116. What is the units digit of i?
6
Let n be (-63)/(-6) + (-6)/4. What is the tens digit of -4 + 3 - n*-2?
1
Let s(p) = p**2 + 4*p - 4. Suppose 3*r = -2*r + 125. Suppose -8*f - r = -3*f. What is the units digit of s(f)?
1
Suppose 4*k = -3*d + 58, 0*d = -2*d + k + 35. What is the tens digit of d?
1
Suppose -3*n - 4*o + 61 = 0, -4*n = -2*o + 3*o - 64. What is the units digit of n?
5
Suppose 3*r = 5*z + 251, 4*r - 2*z - 287 = 57. What is the tens digit of r?